base 8, what is 1 - -577727205?
577727206
In base 14, what is 417ab - -7?
417b4
In base 6, what is 130241 - 20150?
110051
In base 7, what is -1121 - -56414?
55263
In base 16, what is -7471 - -be8?
-6889
In base 9, what is -47683 - -257?
-47425
In base 7, what is -553446652 - 1?
-553446653
In base 12, what is -4 - -303470a?
3034706
In base 11, what is 473282aa - 6?
473282a4
In base 11, what is -a69605 + -73?
-a69678
In base 6, what is 10532344211 - -2?
10532344213
In base 8, what is -3 - -304444577?
304444574
In base 11, what is -69538 - -36a?
-69179
In base 14, what is -4c - -2d39c8?
2d397a
In base 4, what is 1010322012 - -2333?
1010331011
In base 9, what is 60 - -13167844?
13168014
In base 11, what is -151 - -3272a?
32589
In base 2, what is 101100100000010000001100001 - -11?
101100100000010000001100100
In base 6, what is 2 + -402320321?
-402320315
In base 8, what is -33711 + 1450?
-32241
In base 7, what is 342 + -3612351?
-3612006
In base 2, what is -10000000111010001010101010 - -100?
-10000000111010001010100110
In base 7, what is -22666431 + 3?
-22666425
In base 16, what is -1 + -13f4dd?
-13f4de
In base 2, what is 111111 - -101010001101100000?
101010001110011111
In base 2, what is 11110 + 11101010100110110111010?
11101010100110111011000
In base 3, what is 11 + -12011221102100?
-12011221102012
In base 12, what is 90b284 - 0?
90b284
In base 8, what is 1001 - 27753?
-26752
In base 12, what is -b418 - 4244?
-13660
In base 8, what is -2321174 - -4?
-2321170
In base 11, what is 351 + -10aa373?
-10aa022
In base 7, what is -350153453 + 3?
-350153450
In base 14, what is -4 - d356?
-d35a
In base 3, what is 1 - -100010110001120?
100010110001121
In base 12, what is 34917618 - -3?
3491761b
In base 7, what is 12312542002 + 4?
12312542006
In base 3, what is -12 + -22000112121102221?
-22000112121110010
In base 14, what is 22a9 + -555?
1b54
In base 4, what is 3101320 + 231103?
3333023
In base 8, what is 15 + -1253743?
-1253726
In base 10, what is -5031933 + 5?
-5031928
In base 5, what is -2004 - -4442333?
4440324
In base 5, what is 221000 - -3123?
224123
In base 10, what is -15648882 + 3?
-15648879
In base 6, what is -1021202500 + 41?
-1021202415
In base 5, what is -23 + -130422202?
-130422230
In base 12, what is -784b41 - -3?
-784b3a
In base 16, what is 8ceb4 + e?
8cec2
In base 5, what is -201441 - 4304413?
-10011404
In base 11, what is 1 - -31798459?
3179845a
In base 10, what is 5234929 - -20?
5234949
In base 11, what is -66836 - -887?
-65a5a
In base 2, what is 100011100110100101111011111 - 1100?
100011100110100101111010011
In base 6, what is -2 - -501420434?
501420432
In base 5, what is -102114010 + 144?
-102113311
In base 2, what is 1101 + 1010001000011000100?
1010001000011010001
In base 10, what is 25619839 + 55?
25619894
In base 13, what is -a908 + 435?
-a4a3
In base 2, what is -10000100 - 1011001101110110110?
-1011001110000111010
In base 4, what is -202003320 + -1210?
-202011130
In base 7, what is 10336 + 12516?
23155
In base 6, what is -233002340 + 5?
-233002331
In base 6, what is -25220 + 2524005?
2454345
In base 6, what is -125234521 - 11?
-125234532
In base 14, what is b - -15181?
1518c
In base 11, what is 137933a - 6?
1379334
In base 2, what is 1011101101 - -1110101111010?
10000001100111
In base 7, what is 46316 + -46122?
164
In base 2, what is 11 + 10111011001011100100001?
10111011001011100100100
In base 5, what is 3 + 1442004034?
1442004042
In base 8, what is -1 - -1400477775?
1400477774
In base 13, what is 171 - -247b?
261c
In base 7, what is 136334 + -1256?
135045
In base 5, what is 24024412224 - 10?
24024412214
In base 6, what is 3 + -13422455453?
-13422455450
In base 12, what is -4 + -60337289?
-60337291
In base 4, what is -221323121 - -1311?
-221321210
In base 8, what is 715206327 + 1?
715206330
In base 8, what is 1150 + 321706?
323056
In base 16, what is 84c2 - -186?
8648
In base 13, what is 6a9563 - -5?
6a9568
In base 16, what is e - 3d425e?
-3d4250
In base 7, what is 22501 + -12654?
6514
In base 13, what is -3c91c6 - 2?
-3c91c8
In base 6, what is 3 - 55315321?
-55315314
In base 3, what is -122 - 11112102000?
-11112102122
In base 5, what is 1311044441 - 104?
1311044332
In base 11, what is -825a + -143?
-83a2
In base 5, what is 3321401121 + 10?
3321401131
In base 16, what is -258bca - -8?
-258bc2
In base 7, what is 313363 + -204?
313156
In base 6, what is -302312 - -10434?
-251434
In base 16, what is 1c2f6b8b + 3?
1c2f6b8e
In base 11, what is 44a435 + 43?
44a478
In base 7, what is -6534623 + -30?
-6534653
In base 8, what is -376441 - -1425?
-375014
In base 12, what is -a7863 - 100?
-a7963
In base 6, what is -3225501535 - 2?
-3225501541
In base 3, what is -21220020212 - -100?
-21220020112
In base 5, what is 422 + -2002202421?
-2002201444
In base 2, what is -11010111101 - -1000001100011110111?
1000001001000111010
In base 6, what is 15352 + 2251?
22043
In base 9, what is 222 + 125424?
125646
In base 14, what is 21 + a4123?
a4144
In base 14, what is 23bbaa5 + -2?
23bbaa3
In base 4, what is 200311 + 2212010?
3012321
In base 7, what is 44361301 - 40?
44361231
In base 9, what is -8 + 2153636?
2153627
In base 5, what is 1024021024 + 2221?
1024023300
In base 13, what is 1 + 9197962?
9197963
In base 12, what is -145a3b - 73?
-145ab2
In base 12, what is 8b + b958?
ba27
In base 12, what is 1a075 - -20a5?
2015a
In base 5, what is 0 - 1211211301?
-1211211301
In base 6, what is -10154515 + -12153?
-10211112
In base 15, what is -122 + 7528c?
7516a
In base 10, what is 1070279 + 11?
1070290
In base 5, what is -10 + 404303224?
404303214
In base 9, what is 12 - -25818181?
25818203
In base 13, what is a0bc656 + 4?
a0bc65a
In base 9, what is -4 + 44263422?
44263417
In base 2, what is 10111 + -1111001100111000?
-1111001100100001
In base 7, what is 4 + -136154534?
-136154530
In base 14, what is 147b34 - 0?
147b34
In base 14, what is -31 + -8b880?
-8b8b1
In base 10, what is 3 - 165609895?
-165609892
In base 4, what is 1022 - 2210?
-1122
In base 2, what is -1101010000010110011100 - -100?
-1101010000010110011000
In base 5, what is 230421 - -314?
231240
In base 6, what is 10330 - -30421?
41151
In base 6, what is 232400 + 1022441?
1255241
In base 2, what is -110110 + -100100111011111?
-100101000010101
In base 12, what is 4364b - a02?
42849
In base 3, what is -2022011201012 + -1101?
-2022011202120
In base 5, what is 1400130030 + -242?
1400124233
In base 11, what is 241a4418 - -3?
241a4420
In base 15, what is -1c1 - 5b284?
-5b455
In base 11, what is -235690 - 229?
-235909
In base 5, what is -3022223001 - -1?
-3022223000
In base 5, what is 1 - -32424313133?
32424313134
In base 14, what is -a2973da - -a?
-a2973d0
In base 8, what is 20 - 374204?
-374164
In base 10, what is -2532 + 2099?
-433
In base 2, what is -100000000 + 11111101101000110?
11111101001000110
In base 13, what is 9418 + 680?
9a98
In base 10, what is 4 - 958551?
-958547
In base 11, what is 517a - -2947?
8016
In base 3, what is 121021120212210220 - 11?
121021120212210202
In base 4, what is -33132130112 - 32?
-33132130210
In base 12, what is -983 - -174?
-80b
In base 10, what is -3 + 21311555?
21311552
In base 13, what is -6a701 - 24a?
-6a94b
In base 14, what is 2a + -b2d456?
-b2d42a
In base 5, what is -20 - 1004420400?
-1004420420
In base 3, what is 10221211101120 - -11221?
10221211120111
In base 13, what is -c9 + 2ac4c?
2ab53
In base 15, what is -a0021b + -1?
-a0021c
In base 10, what is 105 - 97722?
-97617
In base 15, what is -2920a + -7a7?
-299b2
In base 14, what is 1 + 380cd3?
380cd4
In base 14, what is ca1 + -1563?
-6a2
In base 8, what is -236553765 - -5?
-236553760
In base 5, what is 121300421 - 23?
121300343
In base 7, what is 1214 + -104224?
-103010
In base 13, what is 40c90a1 + 5?
40c90a6
In base 5, what is -311334412331 - -10?
-311334412321
In base 7, what is -45 - -2202233?
2202155
In base 4, what is -1120000211 + -2?
-1120000213
In base 14, what is 3 - -c8c622?
c8c625
In base 4, what is 2212 + 1231123021?
1231131233
In base 2, what is 1000 + -1000000000110110101?
-1000000000110101101
In base 4, what is 3231103132 + 20?
3231103212
In base 8, what is -2126333 + -11?
-2126344
In base 15, what is -2 - 1eb244?
-1eb246
In base 9, what is 7381 + -76?
7304
In base 4, what is -130121 - 2123002?
-23131